o base 9
1
Convert -34 (base 5) to base 3.
-201
a (base 16) to base 13
a
What is -3 (base 12) in base 3?
-10
What is 5 (base 15) in base 12?
5
Convert 34 (base 15) to base 2.
110001
-365 (base 7) to base 5
-1234
Convert 5 (base 12) to base 9.
5
Convert ad (base 16) to base 4.
2231
What is -1010001 (base 2) in base 4?
-1101
Convert 2012 (base 4) to base 3.
11222
What is 7 (base 10) in base 4?
13
What is -75 (base 9) in base 6?
-152
25 (base 13) to base 9
34
23 (base 5) to base 7
16
What is 218 (base 10) in base 15?
e8
What is 112 (base 4) in base 13?
19
6 (base 10) to base 11
6
What is ba (base 16) in base 5?
1221
Convert 11 (base 11) to base 7.
15
What is 65 (base 12) in base 7?
140
17 (base 12) to base 7
25
What is -3 (base 9) in base 5?
-3
57 (base 16) to base 3
10020
-14 (base 6) to base 5
-20
4 (base 10) to base 8
4
Convert -6 (base 7) to base 3.
-20
Convert 55 (base 6) to base 12.
2b
What is -11 (base 11) in base 7?
-15
What is -99 (base 10) in base 9?
-120
What is 32 (base 9) in base 8?
35
What is 5 (base 11) in base 14?
5
What is 46 (base 15) in base 2?
1000010
What is 122 (base 3) in base 7?
23
What is -15 (base 12) in base 4?
-101
59 (base 14) to base 10
79
What is -9 (base 16) in base 14?
-9
Convert -84 (base 9) to base 16.
-4c
2 (base 4) to base 11
2
Convert -140 (base 11) to base 16.
-a5
What is 13 (base 7) in base 2?
1010
Convert 9 (base 11) to base 13.
9
-21 (base 10) to base 7
-30
-5 (base 13) to base 10
-5
Convert 73 (base 15) to base 14.
7a
41 (base 5) to base 6
33
-b0 (base 14) to base 6
-414
-11 (base 5) to base 14
-6
Convert -1 (base 4) to base 10.
-1
What is -3 (base 13) in base 11?
-3
What is 6 (base 7) in base 13?
6
-2 (base 8) to base 10
-2
Convert -6 (base 7) to base 3.
-20
Convert 123 (base 5) to base 3.
1102
Convert 20 (base 11) to base 2.
10110
What is -37 (base 8) in base 10?
-31
-1 (base 16) to base 13
-1
Convert a9 (base 16) to base 15.
b4
Convert -42 (base 5) to base 4.
-112
-35 (base 11) to base 14
-2a
Convert -6c (base 16) to base 11.
-99
-222 (base 6) to base 5
-321
-202 (base 9) to base 4
-2210
-34 (base 7) to base 6
-41
Convert -1 (base 9) to base 2.
-1
Convert 11 (base 3) to base 13.
4
131 (base 4) to base 16
1d
Convert 120 (base 5) to base 6.
55
What is -1 (base 10) in base 8?
-1
Convert -22110 (base 3) to base 15.
-103
17 (base 11) to base 13
15
What is 3 (base 6) in base 3?
10
0 (base 4) to base 10
0
Convert -90 (base 12) to base 7.
-213
7 (base 14) to base 10
7
4 (base 12) to base 8
4
0 (base 10) to base 4
0
What is -2 (base 14) in base 2?
-10
Convert a (base 15) to base 16.
a
Convert 8 (base 14) to base 13.
8
Convert -b0 (base 16) to base 7.
-341
-1 (base 7) to base 2
-1
Convert -7e (base 15) to base 8.
-167
-8 (base 13) to base 15
-8
-200 (base 4) to base 15
-22
What is 50 (base 13) in base 10?
65
What is -10011001 (base 2) in base 10?
-153
What is -6 (base 13) in base 12?
-6
64 (base 13) to base 15
57
What is -1001 (base 2) in base 6?
-13
4 (base 11) to base 5
4
What is 220 (base 3) in base 12?
20
What is 19 (base 14) in base 12?
1b
What is 2 (base 4) in base 5?
2
What is 4 (base 11) in base 2?
100
What is -7 (base 14) in base 11?
-7
-12 (base 5) to base 3
-21
What is 1400 (base 5) in base 2?
11100001
Convert 10111 (base 3) to base 8.
136
Convert 7 (base 13) to base 11.
7
1 (base 9) to base 10
1
-c (base 15) to base 8
-14
Convert 1 (base 13) to base 5.
1
What is 101011010 (base 2) in base 9?
424
-57 (base 11) to base 7
-116
What is -20 (base 7) in base 4?
-32
What is 2 (base 8) in base 2?
10
-100 (base 3) to base 14
-9
-101 (base 2) to base 8
-5
101001 (base 3) to base 15
131
182 (base 11) to base 8
323
Convert -17 (base 8) to base 15.
-10
What is 2 (base 10) in base 6?
2
Convert 12 (base 9) to base 7.
14
Convert -100 (base 2) to base 4.
-10
What is 110 (base 3) in base 12?
10
Convert -154 (base 10) to base 6.
-414
Convert 10001 (base 2) to base 3.
122
b6 (base 15) to base 11
146
What is -10112 (base 3) in base 13?
-74
What is -3 (base 4) in base 7?
-3
Convert 66 (base 16) to base 10.
102
What is 1112 (base 4) in base 7?
152
What is -6b (base 16) in base 13?
-83
What is -101 (base 5) in base 8?
-32
30 (base 4) to base 8
14
Convert 1 (base 6) to base 11.
1
What is -10111 (base 2) in base 13?
-1a
What is 5 (base 11) in base 6?
5
4 (base 14) to base 11
4
Convert -17 (base 9) to base 3.
-121
Convert -c5 (base 13) to base 8.
-241
What is 14 (base 11) in base 9?
16
3 (base 11) to base 6
3
What is -a (base 16) in base 7?
-13
Convert -1 (base 5) to base 9.
-1
-14 (base 6) to base 12
-a
What is -8 (base 11) in base 5?
-13
What is -5 (base 15) in base 16?
-5
Convert 0 (base 12) to base 14.
0
Convert 1 (base 10) to base 4.
1
What is -211 (base 6) in base 9?
-87
-30 (base 5) to base 13
-12
Convert 21 (base 6) to base 4.
31
What is 122 (base 4) in base 14?
1c
What is b (base 15) in base 5?
21
What is 11201 (base 3) in base 11?
106
-1 (base 11) to base 7
-1
What is -111 (base 6) in base 9?
-47
What is -5 (base 9) in base 7?
-5
-9 (base 16) to base 8
-11
111 (base 2) to base 14
7
Convert -4 (base 9) to base 8.
-4
What is -d9 (base 15) in base 16?
-cc
-1 (base 12) to base 9
-1
What is 0 (base 2) in base 14?
0
Convert 10001 (base 2) to base 10.
17
-8 (base 13) to base 3
-22
Convert -1 (base 15) to base 5.
-1
9 (base 15) to base 8
11
Convert 1 (base 12) to base 14.
1
Convert -2 (base 3) to base 4.
-2
-3131 (base 4) to base 16
-dd
-11 (base 10) to base 15
-b
What is 78 (base 11) in base 4?
1111
-2001 (base 3) to base 10
-55
What is -1100 (base 2) in base 7?
-15
-1 (base 10) to base 13
-1
2 (base 11) to base 15
2
Convert 229 (base 11) to base 2.
100010001
What is 2 (base 15) in base 9?
2
-3a (base 14) to base 16
-34
Convert -1 (base 16) to base 11.
-1
Convert 7 (base 9) to base 7.
10
Convert 24 (base 6) to base 13.
13
What is 1010000 (base 2) in base 16?
50
1 (base 15) to base 16
1
What is 1 (base 10) in base 7?
1
-10 (base 11) to base 13
-b
What is 10 (base 3) in base 15?
3
Convert -4 (base 8) to base 16.
-4
5a (base 14) to base 3
2222
-4 (base 11) to base 4
-10
Convert 117 (base 14) to base 15.
e7
2 (base 7) to base 9
2
-207 (base 10) to base 9
-250
0 (base 7) to base 10
0
Convert 0 (base 3) to base 7.
0
54 (base 7) to base 16
27
What is -2211 (base 3) in base 9?
-84
-8 (base 15) to base 6
-12
What is 21020 (base 3) in base 2?
11000011
Convert 29 (base 10) to base 2.
11101
What is -1 (base 2) in base 3?
-1
-274 (base 9) to base 3
-22111
What is -12 (base 10) in base 12?
-10
Convert -20 (base 12) to base 9.
-26
What is -310 (base 7) in base 3?
-12201
What is 0 (base 3) in base 7?
0
What is -21 (base 5) in base 14?
-b
What is 22 (base 10) in base 16?
16
What is -b (base 16) in base 10?
-11
-450 (base 7) to base 14
-127
What is 25 (base 11) in base 14?
1d
What is 32 (base 6) in base 3?
202
Convert -5 (base 8) to base 4.
-11
Convert -7 (base 9) to base 10.
-7
What is -1a (base 13) in base 15?
-18
1 (base 4) to base 3
1
Convert -33 (base 6) to base 12.
-19
Convert -2 (base 10) to base 2.
-10
What is -3 (base 11) in base 6?
-3
Convert f (base 16) to base 14.
11
4 (base 16) to base 8
4
Convert -1 (base 6) to base 7.
-1
What is 3 (base 9) in base 5?
3
Convert -11001 (base 2) to base 13.
-1c
-100001 (base 2) to base 14
-25
Convert -1 (base 15) to base 14.
-1
-1 (base 3) to base 13
-1
-51 (base 16) to base 8
-121
3 (base 7) to base 13
3
What is 18 (base 10) in base 15?
13
1 (base 5) to base 15
1
Convert 3 (base 9) to base 12.
3
What is -3 (base 15) in base 14?
-3
Convert -8 (base 14) to base 6.
-12
2 (base 12) to base 15
2
-10 (base 3) to base 15
-3
Convert 27 (base 12) to base 13.
25
What is 5 (base 13) in base 2?
101
Convert -30 (base 4) to base 7.
-15
What is -211 (base 4) in base 8?
-45
Convert 8 (base 12) to base 13.
8
47 (base 9) to base 15
2d
Convert 23 (base 10) to base 16.
17
What is -3 (base 8) in base 4?
-3
-18 (base 12) to base 8
-24
Convert -4 (base 13) to base 9.
-4
Convert 30 (base 5) to base 11.
14
What is -56 (base 8) in base 15?
-31
Convert -2 (base 16) to base 7.
-2
Convert 112 (base 4) to base 11.
20
187 (base 9) to base 15
aa
Convert -1 (base 9) to base 14.
-1
Convert 1c (base 13) to base 9.
27
-21 (base 12) to base 9
-27
Convert -11 (base 9) to base 2.
-1010
What is 441 (base 7) in base 3?
22100
Conv